23854?
2
What is the tens digit of 39463536?
3
What is the ten millions digit of 1599447002?
9
What is the thousands digit of 453767485?
7
What is the thousands digit of 65292392?
2
What is the tens digit of 2129231?
3
What is the ten thousands digit of 50791538?
9
What is the ten millions digit of 76252423?
7
What is the hundred thousands digit of 138062616?
0
What is the millions digit of 28962362?
8
What is the hundreds digit of 5232988333?
3
What is the hundred millions digit of 1128490986?
1
What is the hundred thousands digit of 63704932?
7
What is the ten millions digit of 79643822?
7
What is the hundred thousands digit of 33584570?
5
What is the hundred thousands digit of 1191774349?
7
What is the millions digit of 3079690983?
9
What is the hundred thousands digit of 3438575?
4
What is the millions digit of 2792492391?
2
What is the ten thousands digit of 536462793?
6
What is the units digit of 509487290?
0
What is the thousands digit of 2137405492?
5
What is the hundred millions digit of 1756750512?
7
What is the hundred thousands digit of 38954699?
9
What is the tens digit of 16539550?
5
What is the tens digit of 49479585?
8
What is the ten thousands digit of 3483756?
8
What is the ten thousands digit of 6098688?
9
What is the hundred millions digit of 668053136?
6
What is the tens digit of 1055492376?
7
What is the tens digit of 497720051?
5
What is the hundred thousands digit of 3042427919?
4
What is the hundred millions digit of 3206705095?
2
What is the hundreds digit of 1080831388?
3
What is the millions digit of 119196454?
9
What is the millions digit of 77024140?
7
What is the units digit of 2992516922?
2
What is the units digit of 10722963?
3
What is the thousands digit of 764002087?
2
What is the millions digit of 920892918?
0
What is the thousands digit of 499153260?
3
What is the ten millions digit of 69065881?
6
What is the hundreds digit of 5288837225?
2
What is the units digit of 35449890?
0
What is the hundred thousands digit of 190890322?
8
What is the ten thousands digit of 36511651?
1
What is the ten millions digit of 95574101?
9
What is the ten millions digit of 48854360?
4
What is the ten thousands digit of 2059658612?
5
What is the ten thousands digit of 14069181?
6
What is the thousands digit of 2134000249?
0
What is the ten millions digit of 2533201901?
3
What is the hundred millions digit of 193041766?
1
What is the units digit of 1060646823?
3
What is the ten thousands digit of 2835181450?
8
What is the ten millions digit of 560522097?
6
What is the ten millions digit of 372286611?
7
What is the units digit of 41810465?
5
What is the hundred thousands digit of 73935614?
9
What is the tens digit of 519546753?
5
What is the units digit of 1545478410?
0
What is the millions digit of 9471766?
9
What is the units digit of 14831733?
3
What is the thousands digit of 143367757?
7
What is the thousands digit of 41722482?
2
What is the ten millions digit of 2461244735?
6
What is the tens digit of 4656091661?
6
What is the ten millions digit of 638136691?
3
What is the ten thousands digit of 175704767?
0
What is the tens digit of 70317453?
5
What is the hundreds digit of 5869458012?
0
What is the thousands digit of 712999712?
9
What is the hundred millions digit of 1677437476?
6
What is the hundred thousands digit of 370730897?
7
What is the hundreds digit of 86115190?
1
What is the hundred thousands digit of 299447342?
4
What is the thousands digit of 4493073001?
3
What is the millions digit of 153017538?
3
What is the hundred millions digit of 547278019?
5
What is the units digit of 776836913?
3
What is the ten thousands digit of 143787635?
8
What is the thousands digit of 394565474?
5
What is the ten millions digit of 763853570?
6
What is the units digit of 355733523?
3
What is the ten millions digit of 2117671787?
1
What is the units digit of 81957107?
7
What is the hundreds digit of 43421381?
3
What is the thousands digit of 36329877?
9
What is the hundreds digit of 40679851?
8
What is the tens digit of 354448338?
3
What is the units digit of 420247427?
7
What is the units digit of 53320167?
7
What is the hundreds digit of 2504024152?
1
What is the ten millions digit of 92545622?
9
What is the hundreds digit of 971256028?
0
What is the hundred thousands digit of 988583612?
5
What is the hundreds digit of 72601660?
6
What is the hundreds digit of 74117677?
6
What is the millions digit of 1291210409?
1
What is the tens digit of 1602387490?
9
What is the hundreds digit of 68134589?
5
What is the ten millions digit of 797837431?
9
What is the tens digit of 67851679?
7
What is the ten millions digit of 22111359?
2
What is the tens digit of 683494553?
5
What is the millions digit of 52344457?
2
What is the ten thousands digit of 471976370?
7
What is the tens digit of 4622799?
9
What is the thousands digit of 176240331?
0
What is the units digit of 1416243439?
9
What is the millions digit of 1240734721?
0
What is the hundred thousands digit of 4788926?
7
What is the hundreds digit of 153184202?
2
What is the hundreds digit of 1037795747?
7
What is the hundreds digit of 735164818?
8
What is the ten thousands digit of 124889444?
8
What is the billions digit of 1819947131?
1
What is the tens digit of 14428276?
7
What is the millions digit of 104413360?
4
What is the hundred thousands digit of 10761614?
7
What is the tens digit of 757603004?
0
What is the units digit of 120878912?
2
What is the ten thousands digit of 166992839?
9
What is the tens digit of 182128206?
0
What is the millions digit of 10908562?
0
What is the tens digit of 476369045?
4
What is the units digit of 6575317?
7
What is the thousands digit of 1088813659?
3
What is the ten thousands digit of 89077832?
7
What is the units digit of 56945288?
8
What is the ten thousands digit of 5518500?
1
What is the hundreds digit of 155716592?
5
What is the tens digit of 466392912?
1
What is the hundreds digit of 3691889?
8
What is the millions digit of 1163872919?
3
What is the ten millions digit of 47863271?
4
What is the hundred thousands digit of 39203510?
2
What is the units digit of 1042936894?
4
What is the ten millions digit of 2307611707?
0
What is the tens digit of 145066722?
2
What is the hundred thousands digit of 732398223?
3
What is the thousands digit of 61287943?
7
What is the millions digit of 1372109141?
2
What is the units digit of 153541912?
2
What is the hundreds digit of 57337936?
9
What is the hundred thousands digit of 51960555?
9
What is the tens digit of 30154208?
0
What is the tens digit of 31783424?
2
What is the thousands digit of 9856566?
6
What is the tens digit of 524081219?
1
What is the tens digit of 837219823?
2
What is the thousands digit of 1964506565?
6
What is the ten millions digit of 168295060?
6
What is the tens digit of 28372617?
1
What is the ten millions digit of 42554455?
4
What is the hundreds digit of 41925754?
7
What is the ten thousands digit of 272712250?
1
What is the hundreds digit of 15631278?
2
What is the thousands digit of 21090383?
0
What is the millions digit of 399918115?
9
What is the units digit of 176478781?
1
What is the tens digit of 2010054824?
2
What is the tens digit of 158797496?
9
What is the hundreds digit of 4371657463?
4
What is the thousands digit of 133415647?
5
What is the hundred thousands digit of 1151863152?
8
What is the units digit of 60098482?
2
What is the thousands digit of 76572252?
2
What is the tens digit of 296619234?
3
What is the units digit of 233638524?
4
What is the ten millions digit of 2588377873?
8
What is the ten millions digit of 4348964372?
4
What is the units digit of 5166011?
1
What is the hundred thousands digit of 164446626?
4
What is the billions digit of 2234704291?
2
What is the millions digit of 2254472874?
4
What is the millions digit of 34203563?
4
What is the hundreds digit of 18015187?
1
What is the tens digit of 816702296?
9
What is the tens digit of 17417512?
1
What is the ten millions digit of 104198969?
0
What is the thousands digit of 48080178?
0
What is the millions digit of 594525696?
4
What is the thousands digit of 89926648?
6
What is the ten millions digit of 2758343962?
5
What is the millions digit of 217264473?
7
What is the hundred thousands di